 = v. Suppose -2*p + 5*d + 119 + l = 0, -5*d + 248 = 3*p. List the prime factors of p.
2, 19
Let k be (-52)/13 + -6 + 3 + 7. List the prime factors of 96/8*(8/3 + k).
2
Let y(d) = -d**2 - 105*d - 180. Let k be y(-99). Let c = 7 + -4. Suppose c*u - 2*u + 1015 = 5*z, 2*z - 2*u = k. List the prime factors of z.
2, 101
Suppose 396*m - 18971120 = -76*m - 60*m. List the prime factors of m.
2, 5, 1783
Let z(u) = u + 37*u + 23*u**2 - 15*u**3 - 13 - 15*u**3 + 31*u**3. What are the prime factors of z(-18)?
13, 71
Suppose 129*g - 35*g - 711768 = 0. What are the prime factors of g?
2, 3, 631
What are the prime factors of -4 + (-97024)/(72/(-9))?
2, 7, 433
Let r = -14143 + 21599. List the prime factors of r.
2, 233
Suppose -2*c + 7654 = 4*t, 6113 = 4*t - 2*c - 1545. What are the prime factors of t?
2, 3, 11, 29
List the prime factors of (263704/112)/((35/10)/7).
17, 277
Suppose 0 = o + 13 + 271. Suppose -154 - 586 = 4*g. Let f = g - o. List the prime factors of f.
3, 11
Let h(d) = 2*d**3 + 6*d**2 + 3*d + 3. Let p be h(7). Suppose 20*a = 16*a + p. Suppose 0 = -3*m - 5*g + a, -2*m + g = 2*m - 373. List the prime factors of m.
2, 23
Suppose -12 = -2*n + 6*n. What are the prime factors of 176/(-18)*n*12 - -4?
2, 89
Let w = -559 + 1998. Let k = -626 + w. What are the prime factors of k?
3, 271
Let o(k) = -3*k + 15. Let b be o(5). Let p be ((-1 - 46) + 0)*(-1 + b). Let v = 60 - p. List the prime factors of v.
13
Let h(o) = o**3 - 3*o**2 - 9*o - 7. Let r be h(6). Let u = 54 - r. Suppose u*n - 672 = 231. What are the prime factors of n?
3, 43
Let z = 7001 + 4381. What are the prime factors of z?
2, 3, 7, 271
Suppose 77560 = -224*v + 238*v. What are the prime factors of v?
2, 5, 277
Suppose 15*n = 5*n + 4500. Let o = n - 312. List the prime factors of o.
2, 3, 23
Let b(t) = 1652*t**3 - 6*t**2 + 7*t + 11. What are the prime factors of b(2)?
13217
Let c(l) = 104*l**2 - 4*l + 1. Let x be c(-2). List the prime factors of 2/(-6)*(-10 - x).
5, 29
Let l = -135 + 14. Let n = l + 101. List the prime factors of (1 - 665/n)/((-2)/(-8)).
137
Suppose 0 = 5*s - g - 455 - 1824, -5*s = -2*g - 2278. Let w(y) = 2*y**3 - 3*y**2 + 2. Let n be w(2). Suppose -10*r = -n*r - s. What are the prime factors of r?
2, 3, 19
Let z(w) = -5 - 5 + 4*w**3 - w + 28*w**2 - 2*w**3. Let u be z(-14). What are the prime factors of ((-476)/8)/(u/(-8))?
7, 17
Suppose -5*p + 4*t - 2*t = 177, 2*t - 72 = 2*p. Let y = p + -26. Let z = 30 - y. What are the prime factors of z?
7, 13
Let r(u) = u**2 + u - 1. Let l be r(2). Suppose -3*i - l*q + 850 + 304 = 0, 3*q + 744 = 2*i. Let b = -196 + i. List the prime factors of b.
2, 7, 13
Let v be (0 + -2)/(((-6)/75)/1). Suppose -4*q + b = 3*b + 10, -5*q - v = 5*b. Suppose 3*n + y - 362 = 0, q*n + 4*n - 2*y = 476. List the prime factors of n.
2, 3, 5
Suppose -2*b + 22 = -3*g, -7*g = -4*g + 12. Suppose -3*p - 2*c - b = 3, -4 = 3*p + c. Suppose 19*u - 14*u - 480 = p. List the prime factors of u.
2, 3
Let l(u) be the third derivative of 13*u**5/20 + u**3/6 + 13*u**2. Let c be l(-1). Let q = 55 + c. What are the prime factors of q?
5, 19
Let k be ((-1 - -2) + -5)*-2. Let g(z) = 599 - 4*z - 564 + 7*z. What are the prime factors of g(k)?
59
Let u = -4404 + 5974. What are the prime factors of u?
2, 5, 157
Suppose 0 = -22*o + 695 - 7273. Let r = -102 - o. What are the prime factors of r?
197
Let h(q) = 3*q**2 + 145*q + 370. What are the prime factors of h(43)?
2, 7, 31
Suppose 21*s = 46*s + 185050. List the prime factors of (-28)/(-350)*10 - s/10.
3, 13, 19
Suppose 0 = -4*f - 12, 0 = -a - 3*f + 12253 + 7919. Suppose -6*k = -37*k + a. List the prime factors of k.
3, 7, 31
Suppose 0 = -4*y - g + 841 + 983, -1836 = -4*y - 4*g. What are the prime factors of (-7)/(y/(-10)) - 5575/(-13)?
3, 11, 13
Let o be (-16 - (-3 - -3))*(-4)/8. List the prime factors of o/((1/6)/(114/19)).
2, 3
Suppose 2*i - 24 = -3*r, -3*i + 27*r + 36 = 29*r. What are the prime factors of (-60)/i*4548/(-15)?
2, 379
Suppose 0 = -2*h - 2*g + 15308, -5*g = 3*h - 27286 + 4326. List the prime factors of h.
5, 1531
Let i(u) = -140*u + 27. Let d be ((-8)/2*(-6)/8)/(-1). What are the prime factors of i(d)?
3, 149
Suppose o - 1118956 = -78*o. What are the prime factors of o?
2, 3541
Let j = -96 + 96. Let s be (j - 1)/(((-4)/4)/(-14)). What are the prime factors of (3/9*s)/((-6)/135)?
3, 5, 7
Let i(n) = n**3 + 39*n**2 - n - 39. Let q be i(-39). List the prime factors of 1/(q - (-5)/75).
3, 5
Let g = 343 + -143. What are the prime factors of (g/(-160))/(2/(-640))?
2, 5
Let b(c) = -15*c - 182. Let s be b(0). Let k = s + 1376. What are the prime factors of k?
2, 3, 199
Suppose -2482 = 28*j + 1606. Let o = j + 173. List the prime factors of o.
3
Suppose 2*p - 8458 = 320. Suppose -4*s + 0*s = -5*x - p, 0 = s - 5*x - 1101. List the prime factors of s.
2, 137
Let p(l) be the first derivative of l**4 - 10*l**3/3 + 2*l**2 - 5*l + 2592. Let y = 5 + -1. List the prime factors of p(y).
107
Let s be -4 + (-4 - -27) + -3. Suppose -4*l - 2*h + s = -l, -5*l - 4*h = -30. Suppose -3*t - 57 = -0*n - 3*n, 5*n + l*t - 60 = 0. List the prime factors of n.
2, 7
List the prime factors of 10/9*7670 + 34/(-153).
2, 4261
Let j = -7 - -14. Let u = -1776 + 1784. Suppose u*q - 119 = j*q. List the prime factors of q.
7, 17
Suppose -6*x + 15 + 399 = 0. Suppose x*y - 58*y = 583. List the prime factors of y.
53
Let g(d) = d**3 + 6*d**2 + d - 7. Suppose -3*n - n - 32 = 0. Let k be g(n). Let v = k + 258. List the prime factors of v.
5, 23
Suppose 2*s = -s. Let n(r) = 4*r + 469. Let f be n(s). Suppose f = 5*o - 126. What are the prime factors of o?
7, 17
Let x be -6*2/(-32) - (-646)/(-272). List the prime factors of (x - -3 - -6)*392/4.
2, 7
Let u(v) = 33*v**2 + 11 - 7*v**2 + 4*v**2 + 91*v - 1. What are the prime factors of u(5)?
3, 5
Suppose -4*k = 30689 + 3055. What are the prime factors of (-2)/3 + k/(-18)?
2, 3, 13
Let a(z) = z**3 - 15*z**2 + 19*z + 4. Let n be a(13). Let o be (-3 - 1)*n/(-6). Let m = -12 - o. List the prime factors of m.
2, 23
Let m = 4642 + 1428. Suppose -33*a = -23*a - m. List the prime factors of a.
607
Suppose k - 4608 = 5*c, c - 9216 = 1418*k - 1420*k. List the prime factors of k.
2, 3
Let r = 8566 + -5295. List the prime factors of r.
3271
Suppose 95*l - 96*l + 4*j + 1596 = 0, 0 = -2*l + 2*j + 3192. List the prime factors of l.
2, 3, 7, 19
What are the prime factors of ((-3226652)/715)/((-3)/(13 + 2))?
2, 5641
Let d(s) = 4*s - 48. Let i be d(12). Suppose 3*t = l + 2*t - 418, i = -5*l - 4*t + 2117. List the prime factors of l.
421
Let n be -8*7/(560/(-50)). What are the prime factors of n + (1038 - (8 - 7))?
2, 521
Let l(k) = -k**3 + 67*k**2 + 46*k - 86. What are the prime factors of l(66)?
2, 13, 281
Suppose 0 = -a + 6. Suppose 2*y + a*y = 808. List the prime factors of y.
101
Suppose -440 = -3*b - b. Suppose -12*g + 310 = -7*g. Suppose -2*a + g = -b. List the prime factors of a.
2, 43
Let h be (9/(-21))/((-4)/2338)*2. Suppose -5*u - 4*c = -383 - 124, -5*u + h = 2*c. What are the prime factors of u?
3, 11
Let m(b) = b**2 + 7*b + 23. Let k = -159 + 240. Let a = 89 - k. List the prime factors of m(a).
11, 13
Let d(s) = 1838*s - 174. List the prime factors of d(21).
2, 3, 1601
Let f(i) = 471*i + 1479. What are the prime factors of f(24)?
3, 4261
Suppose -3*g + 4*j - 2230 + 26823 = 0, 0 = -3*j - 6. What are the prime factors of g?
5, 11, 149
Let l = -844 + 1613. Suppose -l - 1640 = m. What are the prime factors of ((-2)/(-6) + -1)*m/22?
73
Let a(v) = 12 + 6932*v**3 - 6*v - 6935*v**3 + 10 + 2*v**2. What are the prime factors of a(-5)?
3, 53
Suppose h - 6084 = -2*w, 37*h - w - 18210 = 34*h. What are the prime factors of h?
2, 3, 11, 23
Let y(f) be the second derivative of f**3/3 + 9*f**2 + 10*f. Let d be y(-8). List the prime factors of 7/(75/35 - d).
7
Let j(k) = -k**3 + 6*k**2 - 8*k + 15. Let h be j(5). What are the prime factors of 2 - 3 - h - -328?
3, 109
Suppose -10*c = -15*c + 88693 - 6928. List the prime factors of c.
3, 23, 79
Let m(c) = 76170*c - 569. What are the prime factors of m(1)?
19, 23, 173
Suppose 0 = 3*n - 12, 5*g + 4*n - 58 = 4*g. Let v = g + -45. What are the prime factors of 27*(v/6)/(4/(-8))?
3
Let t be 56*(-10)/(-5) - -4. Let i be ((-9)/2 - -4)*-500. Let v = i - t. List the prime factors of v.
2, 67
Suppose -2